6 is divided by a(-29).
11
Let l(a) = -3*a + 11. Let g be l(-3). Let j = 16 - 1. What is the remainder when -4*(-305)/g - 7 is divided by j?
9
Suppose -5*a + 145 = 2*s, 28*a = 24*a + 3*s + 93. Calculate the remainder when 120 is divided by a.
12
Let i(s) = -39*s - 177 + 9*s + 15*s + 8*s. What is the remainder when 85 is divided by i(-32)?
38
Let n be (1 - -1)/(3/(29 - 5)). Let v(t) = -t + 1. Let b(q) = -2*q + 31. Let m(y) = -b(y) - v(y). Calculate the remainder when 62 is divided by m(n).
14
Suppose 245 = 2*n - s, 26*n + s + 368 = 29*n. What is the remainder when 961 is divided by n?
100
Let w = -6914 + 9418. Calculate the remainder when w is divided by 23.
20
Suppose 3*r - 651 = -d, -8*r - 3*d + 1077 = -3*r. What is the remainder when r is divided by 77?
65
Let y(u) = 6*u + 12. Let s(z) = -z - 12. Let w(a) = 5*s(a) + 4*y(a). Let i = -1 + 3. What is the remainder when w(i) is divided by 14?
12
Let h(t) = -2*t + 36. Suppose -2*f + 11 + 21 = 0. Let b be h(f). Suppose -2 = -b*o + 3*o - d, 3*o = -5*d - 2. Calculate the remainder when o is divided by 3.
0
Let t = -10528 + 10778. What is the remainder when 563 is divided by t?
63
Suppose -3*u + 4*l = -325, -7*u + 502 = -2*u - l. Calculate the remainder when 916 is divided by u.
25
Let q(m) = 174*m - 1537. Let n(f) = -11*f**2 + 7*f. Let h(z) = 10*z**2 - 8*z. Let k(c) = -3*h(c) - 4*n(c). What is the remainder when k(3) is divided by q(9)?
27
Let f = 7000 - 6977. What is the remainder when 57 is divided by f?
11
Let d(j) = -65*j - 3220. Calculate the remainder when 566 is divided by d(-53).
116
Suppose 2*t - 14 = -4*o, 2*t + 14*o - 10 = 12*o. Suppose 15 = -0*v - 5*v, -184 = -5*c + t*v. What is the remainder when 242 is divided by c?
32
Let w = 12 - 10. Let x(h) = 4*h**3 + 2. Let i = -168 - -186. What is the remainder when x(w) is divided by i?
16
Let q = 7659 + -7649. What is the remainder when 2518 is divided by q?
8
Let v = 1033 - 932. Calculate the remainder when 140 is divided by v.
39
Let c = -3386 - -3389. Calculate the remainder when 374 is divided by c.
2
Suppose -4*a - 3 = -a. Suppose 3*w + 2*k + 67 = 4*w, -4*w + 312 = 3*k. What is the remainder when w is divided by 7/(14/72) - a*3?
36
Suppose 47899 + 68062 + 185252 = 197*x. Calculate the remainder when x is divided by 103.
87
Suppose 5*k = -3*z + 12663, -82*k + 87*k - 3*z - 12657 = 0. What is the remainder when k is divided by 87?
9
Suppose 3*p + 2355 = 5*x + 35624, -x = -2*p + 22184. What is the remainder when p is divided by 27?
23
Suppose -w + 54 + 33 = 3*s, -15 = 5*w. Let f(r) = r - 1 + 5*r**2 - 3*r + 7*r - 1. What is the remainder when f(3) is divided by s?
28
What is the remainder when ((-1)/3 - 0)/((-10)/15690) is divided by 12?
7
Let v = -4 - -4. Let y(m) = -m + 11. Let p(b) = 11*b + 120. Calculate the remainder when p(-7) is divided by y(v).
10
Suppose -14*z + 56*z - 159793 - 293681 = 0. Calculate the remainder when z is divided by 16.
13
Let q = -4897 + 5740. Calculate the remainder when q is divided by 13.
11
Let i(k) = k**3 + 21*k**2 - 761*k + 23. Calculate the remainder when 462 is divided by i(19).
2
Calculate the remainder when 2/(-6) - (-64)/3 is divided by (15/(-13))/((-3)/13).
1
Suppose -3*t + 6*t - 5*k - 117 = 0, 4*k - 12 = 0. Let a = t - 41. What is the remainder when (32/a)/(((-12)/(-9))/4) is divided by 17?
15
Let l be 0*3*3/(-18). Suppose l*f = -f + 12. Calculate the remainder when 28 is divided by (13 + -1)*f/24.
4
Let n(j) = j**2 + 37*j - 1. What is the remainder when n(11) is divided by (-19 + 118)*(-2)/(-3)?
65
Suppose 0 = -m + 3*d + 941, -4*d = 5*m - 2901 - 1823. What is the remainder when m is divided by 43?
41
Let j(m) = 5*m - 4. Let z be ((-22)/(-11))/(1/13 - 0). Suppose z = 3*n - 94. What is the remainder when n is divided by j(3)?
7
Let h = 19493 - 19459. Suppose 2*j - 209 + 79 = 0. What is the remainder when j is divided by h?
31
Let c = 973 - 666. Let n = 333 - c. What is the remainder when 101 is divided by n?
23
Suppose 42 = -15*m + 267. Suppose -276 - 369 = -m*z. Calculate the remainder when 84 is divided by z.
41
Suppose 0 = 36*d + 15*d - 72*d + 4158. What is the remainder when d is divided by 25?
23
Let v(f) be the third derivative of 21*f**4/8 - 13*f**2. Let d be v(2). Suppose -3*b + 249 = -d. Calculate the remainder when b is divided by 32.
29
Suppose 0 = -24*q + 2783 + 97. What is the remainder when 839 is divided by q?
119
Let z(k) = 2*k**2 + 9*k + 8. Let a be z(-1). Suppose -5*v + 2*p = -163, 0 = 2*v - p - a - 64. Calculate the remainder when 64 is divided by v.
31
Let x(v) = v + 4. Suppose -l + 9 = 3*k, -4*l = -19*k + 24*k - 43. What is the remainder when l is divided by x(5)?
3
Suppose 1149 = -3*h - c, -h - 4*h = 3*c + 1919. Let b = -297 - h. Calculate the remainder when b is divided by ((-22)/8)/(2/(-16)).
19
What is the remainder when 58 is divided by (-13 + 1)*600/(-160)?
13
Let g(d) = 11*d**3 - 1. Let s be g(1). Suppose -46*l - 3444 = -99*l - 111*l. What is the remainder when (s/4 - 3)*-120 is divided by l?
18
Suppose 22 = 3*j - 23. Let h(o) = -6*o - 15. Let d(b) = 7*b + 15. Let z(t) = 5*d(t) + 6*h(t). What is the remainder when j is divided by z(-24)?
6
Let x = 4098 - 4069. Calculate the remainder when 179 is divided by x.
5
Let h(p) = 8*p**2 + 110*p + 149. Calculate the remainder when h(-18) is divided by 63.
5
Let m = 24 - 148. Let w = m - -161. What is the remainder when 330 is divided by w?
34
Let g(b) = -17 + 18*b - 6*b + 50 + 33. Let d be g(-6). Calculate the remainder when (4/d)/((-18)/702) is divided by 15.
11
Let k(h) = 56*h**3 + h. Let a(l) = -2*l**2 - 1275*l + 10392. What is the remainder when a(8) is divided by k(1)?
7
Let x(m) = -2*m**2 - 23*m + 2. Let l be x(-10). Suppose -19*g = -l*g + 689. Calculate the remainder when g is divided by 19.
15
Let h = 14838 + -14716. What is the remainder when 2047 is divided by h?
95
Let j be 3/(-1 + 6/3) - 3. Suppose 5*a = -2*f + 18, -4*a + 17 - 1 = j. What is the remainder when (114 - -3) + (2 - f) is divided by 41?
38
Let r = 107 - -14. Let w = -32 - -50. What is the remainder when r is divided by w?
13
Let h(a) = -2*a**2 - 48*a + 61. Calculate the remainder when 1047 is divided by h(-22).
4
Let d be 2 - -1 - 1 - (2 - 2). Suppose d*r + r = 15. Suppose 4*u = -w + 146, u = r*w + 13 + 13. Calculate the remainder when 177 is divided by u.
33
Let r be (-20)/(-25) + 106/5. Suppose -4*q = -2*t - 106, 10*t + r = q + 5*t. Suppose -6*z + 1094 = -994. Calculate the remainder when z is divided by q.
24
Let h(q) = -q**3 - 14*q**2 + 12*q + 15. Calculate the remainder when (-168)/1*(1 - 3 - -1) is divided by h(-15).
48
Suppose -9*h + 538 + 335 = 0. Let k(f) = -5*f - 2. Calculate the remainder when h is divided by k(-7).
31
Let r = 3007 - 2522. Calculate the remainder when r is divided by 240.
5
Let h be 406/(-17) + (-670)/(-85) + -8. Let d(z) = -z**2 - 37*z - 92. What is the remainder when d(h) is divided by 37?
35
Let n = -25 + 11. What is the remainder when 8 is divided by (-2)/(-8)*(n - -34)?
3
Suppose 355 = -3*f - 30*f + 5305. What is the remainder when f is divided by 93?
57
Let p(n) = -n**2 - 12*n + 36. Let m be p(-10). Let t be (-2)/(-4) - 5/(-2). Suppose t*l - m - 28 = 0. Calculate the remainder when l is divided by 9.
1
Let n(y) = 4 + 36*y - 2 - 15*y + 10*y. Calculate the remainder when n(1) is divided by 24.
9
Suppose -129 = -3*x - 3*t, -x - 2*t + 634 = 591. What is the remainder when -1 + 2/(2/171) is divided by x?
41
Let v = 3683 - 3163. What is the remainder when v is divided by 91?
65
Let u be -2*(2 - 4) + -25. Suppose 2*f = m - 52, -14*f = 2*m - 13*f - 79. Calculate the remainder when m is divided by 6/9 + (-217)/u.
9
Let y(q) = -5*q. Let w(k) = -k**3 + 19*k**2 - 17*k - 17. Let o be w(18). Let i be (-3)/1 - (1 - o). What is the remainder when 27 is divided by y(i)?
12
Suppose -66*l + 24 = -70*l. Let u be 1/(l/(-60) + 6/15). What is the remainder when 37 is divided by u*(4 + 0 - -1)?
7
Let l = 19 + -12. Suppose l*s = 6*s + 131. What is the remainder when s is divided by 11?
10
Let a(o) = -o**3 - 2*o**2 - o + 2. What is the remainder when 3*5*(6 - (-67)/(-15)) is divided by a(-3)?
9
Suppose -10*z + 8 = -6*z. Let d(k) = -5*k + 17. What is the remainder when z is divided by d(3)?
0
Let k be (-12)/(-5)*(-15)/6. Let z(b) = -7 + 2 - b**2 + 2*b